What is the hundred thousands digit of 121939796?
9
What is the units digit of 36264284?
4
What is the ten thousands digit of 1237534866?
3
What is the units digit of 209439739?
9
What is the billions digit of 1478613014?
1
What is the hundreds digit of 19934106?
1
What is the hundred millions digit of 101096663?
1
What is the hundred millions digit of 105495934?
1
What is the ten thousands digit of 164620129?
2
What is the ten millions digit of 258319308?
5
What is the ten millions digit of 13996862?
1
What is the units digit of 34121663?
3
What is the millions digit of 3539696500?
9
What is the millions digit of 12462481?
2
What is the units digit of 2385951388?
8
What is the hundred millions digit of 108295488?
1
What is the hundred millions digit of 223169917?
2
What is the ten millions digit of 688708673?
8
What is the hundred thousands digit of 35939200?
9
What is the millions digit of 36506122?
6
What is the thousands digit of 56740903?
0
What is the units digit of 170453649?
9
What is the thousands digit of 441752605?
2
What is the thousands digit of 497101280?
1
What is the hundred millions digit of 1299186629?
2
What is the units digit of 1244695271?
1
What is the tens digit of 156447499?
9
What is the units digit of 116123738?
8
What is the ten thousands digit of 139377155?
7
What is the tens digit of 125053676?
7
What is the hundreds digit of 166479643?
6
What is the tens digit of 561952974?
7
What is the hundred thousands digit of 606641137?
6
What is the hundred thousands digit of 70764148?
7
What is the thousands digit of 954185186?
5
What is the thousands digit of 1731938785?
8
What is the millions digit of 344583370?
4
What is the hundred thousands digit of 270466845?
4
What is the hundred thousands digit of 20261718?
2
What is the hundred thousands digit of 2101085?
1
What is the hundred millions digit of 107395075?
1
What is the hundreds digit of 169965132?
1
What is the ten millions digit of 104623142?
0
What is the units digit of 12168685?
5
What is the thousands digit of 3871034948?
4
What is the tens digit of 851825334?
3
What is the hundred thousands digit of 77890503?
8
What is the hundred thousands digit of 391921251?
9
What is the millions digit of 1603532397?
3
What is the hundreds digit of 2178673361?
3
What is the tens digit of 12356453?
5
What is the billions digit of 2138057026?
2
What is the tens digit of 58507510?
1
What is the hundred millions digit of 1402456526?
4
What is the thousands digit of 30271897?
1
What is the tens digit of 40396216?
1
What is the millions digit of 40288953?
0
What is the hundred millions digit of 1112761799?
1
What is the hundred millions digit of 6426651219?
4
What is the hundred thousands digit of 4472287011?
2
What is the millions digit of 230491487?
0
What is the millions digit of 2971875380?
1
What is the hundred thousands digit of 255648286?
6
What is the hundred thousands digit of 93580672?
5
What is the hundred thousands digit of 3296600953?
6
What is the tens digit of 14502930?
3
What is the thousands digit of 93871479?
1
What is the millions digit of 13596670?
3
What is the millions digit of 5282769465?
2
What is the millions digit of 87479010?
7
What is the hundred thousands digit of 1928823379?
8
What is the hundred millions digit of 109248308?
1
What is the thousands digit of 270921342?
1
What is the thousands digit of 158492903?
2
What is the thousands digit of 58043519?
3
What is the tens digit of 456546761?
6
What is the hundred thousands digit of 37049404?
0
What is the thousands digit of 55180241?
0
What is the tens digit of 4508130075?
7
What is the units digit of 8536816761?
1
What is the units digit of 211655006?
6
What is the hundred millions digit of 445024248?
4
What is the ten thousands digit of 3547430?
4
What is the ten thousands digit of 1870831?
7
What is the ten millions digit of 15573903?
1
What is the ten millions digit of 3600148223?
0
What is the hundreds digit of 67212275?
2
What is the millions digit of 623747111?
3
What is the tens digit of 28257447?
4
What is the units digit of 3742104082?
2
What is the hundred thousands digit of 176073400?
0
What is the ten millions digit of 90857016?
9
What is the hundreds digit of 20526303?
3
What is the millions digit of 41067071?
1
What is the ten millions digit of 372719992?
7
What is the units digit of 915527557?
7
What is the ten thousands digit of 66034603?
3
What is the millions digit of 54813007?
4
What is the thousands digit of 58779495?
9
What is the ten millions digit of 38672490?
3
What is the units digit of 16022321?
1
What is the millions digit of 46005799?
6
What is the millions digit of 73357573?
3
What is the units digit of 2478275880?
0
What is the units digit of 68629007?
7
What is the thousands digit of 521080292?
0
What is the units digit of 7684327?
7
What is the hundred millions digit of 165669736?
1
What is the ten millions digit of 2749031938?
4
What is the hundreds digit of 51596459?
4
What is the tens digit of 2185627200?
0
What is the millions digit of 1299932854?
9
What is the units digit of 47050535?
5
What is the ten thousands digit of 5058138896?
3
What is the millions digit of 195302302?
5
What is the hundred thousands digit of 125664264?
6
What is the tens digit of 1002061867?
6
What is the hundred millions digit of 4965376280?
9
What is the tens digit of 337439641?
4
What is the hundred millions digit of 4503004207?
5
What is the thousands digit of 38678692?
8
What is the ten thousands digit of 1125154395?
5
What is the hundreds digit of 3428192?
1
What is the hundreds digit of 98347304?
3
What is the units digit of 843419151?
1
What is the units digit of 170881483?
3
What is the ten thousands digit of 117340836?
4
What is the units digit of 107273516?
6
What is the units digit of 146217156?
6
What is the hundreds digit of 79009843?
8
What is the units digit of 782818268?
8
What is the hundred thousands digit of 14164006?
1
What is the hundred millions digit of 236276127?
2
What is the hundred thousands digit of 58632756?
6
What is the thousands digit of 209388351?
8
What is the ten millions digit of 604634456?
0
What is the hundred thousands digit of 503611434?
6
What is the ten millions digit of 74893801?
7
What is the hundreds digit of 20759299?
2
What is the thousands digit of 23560048?
0
What is the hundred thousands digit of 473388431?
3
What is the hundred millions digit of 283948372?
2
What is the hundred millions digit of 155784312?
1
What is the ten thousands digit of 64375998?
7
What is the tens digit of 135844547?
4
What is the millions digit of 28484615?
8
What is the ten thousands digit of 139900395?
0
What is the hundred millions digit of 118850697?
1
What is the units digit of 49261887?
7
What is the thousands digit of 4699962634?
2
What is the tens digit of 70681282?
8
What is the ten millions digit of 1100533019?
0
What is the hundreds digit of 2383439579?
5
What is the tens digit of 2369549780?
8
What is the units digit of 394200082?
2
What is the ten millions digit of 194274679?
9
What is the thousands digit of 5127471780?
1
What is the tens digit of 515339038?
3
What is the tens digit of 15378577?
7
What is the thousands digit of 822752033?
2
What is the thousands digit of 547178825?
8
What is the units digit of 518063590?
0
What is the hundreds digit of 377670946?
9
What is the hundreds digit of 436978878?
8
What is the billions digit of 1229788630?
1
What is the hundreds digit of 2208686016?
0
What is the hundred millions digit of 647748287?
6
What is the thousands digit of 3429437650?
7
What is the ten thousands digit of 89794149?
9
What is the millions digit of 644075618?
4
What is the ten millions digit of 605072601?
0
What is the tens digit of 6590233?
3
What is the thousands digit of 337108183?
8
What is the ten millions digit of 2186667964?
8
What is the thousands digit of 2368478635?
8
What is the thousands digit of 1322751079?
1
What is the hundreds digit of 41768898?
8
What is the hundred millions digit of 282644843?
2
What is the hundreds digit of 1759824303?
3
What is the thousands digit of 127845392?
5
What is the hundreds digit of 30945854?
8
What is the thousands digit of 829071429?
1
What is the hundred thousands digit of 89700994?